{"id":9274,"date":"2016-07-12T16:51:01","date_gmt":"2016-07-12T14:51:01","guid":{"rendered":"http:\/\/7dev.fr\/laurent_bunnik\/?page_id=9274"},"modified":"2021-01-12T11:35:06","modified_gmt":"2021-01-12T10:35:06","slug":"mentions-legales","status":"publish","type":"page","link":"https:\/\/archives-catalogues-automobiles.fr\/index.php\/mentions-legales\/","title":{"rendered":"Mentions Legales"},"content":{"rendered":"<h3 class=\"title-block\">Cr\u00e9ateur et Editeur du Site<\/h3>\n<p><a href=\"http:\/\/www.7dev.fr\"><img decoding=\"async\" loading=\"lazy\" class=\"wp-image-220 size-full alignleft\" title=\"7dev, L'informatique accessible \u00e0 tous\" src=\"http:\/\/www.7dev.fr\/images\/logo.png\" alt=\"7dev\" width=\"133\" height=\"35\" \/><\/a> <img decoding=\"async\" loading=\"lazy\" class=\"wp-image-219 alignleft\" title=\"7dev, L'informatique accessible \u00e0 tous\" src=\"http:\/\/www.7dev.fr\/images\/logo-slogan.png\" alt=\"7dev, L'informatique accessible \u00e0 tous\" width=\"190\" height=\"38\" \/><\/p>\n<h3 class=\"title-block\"><\/h3>\n<h3 class=\"title-block\"><\/h3>\n<h3>H\u00e9bergement<\/h3>\n<p>L&rsquo;ensemble du site est h\u00e9berg\u00e9 par le prestataire\u00a0<a href=\"https:\/\/www.ionos.fr\/apropos\" target=\"_blank\" rel=\"noreferrer noopener\">IONOS by 1&amp;1<\/a>, 7 Place de la Gare 57200 Sarreguemines.<\/p>\n<p>Tel\u00a0 : 0970 808 911<\/p>\n<h3 class=\"title-block\"><span class=\"\" style=\"display:block;clear:both;height: 0px;padding-top: 10px;border-top-width:0px;border-bottom-width:0px;\"><\/span><\/h3>\n<h3>Qui sommes-nous\u00a0?<\/h3>\n<p>L\u2019adresse de notre site Web est : https:\/\/archives-catalogues-automobiles.fr<br \/>\nIl appartient \u00e0 Monsieur Laurent Bunnik et est utilis\u00e9 \u00e0 titre personnel dans le cadre de sa passion pour le monde automobile.<\/p>\n<h3>Publication et DPO<\/h3>\n<p>Responsable publication : Archives &amp; Catalogues Automobiles \u2013 contact@archives-catalogues-automobiles.fr<br \/>\nD\u00e9l\u00e9gu\u00e9 \u00e0 la protection des donn\u00e9es : Archives Catalogues Automobiles \u2013 contact@archives-catalogues-automobiles.fr<\/p>\n<h3>Utilisation des donn\u00e9es personnelles collect\u00e9es<\/h3>\n<p><strong>Commentaires<\/strong><\/p>\n<p>Quand vous laissez un commentaire sur notre site web, les donn\u00e9es inscrites dans le formulaire de commentaire, mais aussi votre adresse IP et l\u2019agent utilisateur de votre navigateur sont collect\u00e9s pour nous aider \u00e0 la d\u00e9tection des commentaires ind\u00e9sirables.<\/p>\n<p>Une cha\u00eene anonymis\u00e9e cr\u00e9\u00e9e \u00e0 partir de votre adresse de messagerie (\u00e9galement appel\u00e9e hash) peut \u00eatre envoy\u00e9e au service Gravatar pour v\u00e9rifier si vous utilisez ce dernier. Les clauses de confidentialit\u00e9 du service Gravatar sont disponibles ici\u00a0: https:\/\/automattic.com\/privacy\/. Apr\u00e8s validation de votre commentaire, votre photo de profil sera visible publiquement \u00e0 cot\u00e9 de votre commentaire.<\/p>\n<p><strong>Formulaires de contact<\/strong><\/p>\n<p>Notre site contient un formulaire de contact via lequel vous nous transmettez vos coordonn\u00e9es soit \u00e0 des fins commerciales ou pour avoir des informations. En soumettant ce formulaire, vous nous autorisez \u00e0 vous recontacter par t\u00e9l\u00e9phone ou email. Vos coordonn\u00e9es ne seront en aucun utilis\u00e9es \u00e0 toute autre fin, ni transmises \u00e0 un tiers.<\/p>\n<p><strong>Cookies<\/strong><\/p>\n<p>Si vous d\u00e9posez un commentaire sur notre site, il vous sera propos\u00e9 d\u2019enregistrer votre nom, adresse de messagerie et site web dans des cookies. C\u2019est uniquement pour votre confort afin de ne pas avoir \u00e0 saisir ces informations si vous d\u00e9posez un autre commentaire plus tard. Ces cookies expirent au bout d\u2019un an.<\/p>\n<p>Si vous avez un compte et que vous vous connectez sur ce site, un cookie temporaire sera cr\u00e9\u00e9 afin de d\u00e9terminer si votre navigateur accepte les cookies. Il ne contient pas de donn\u00e9es personnelles et sera supprim\u00e9 automatiquement \u00e0 la fermeture de votre navigateur.<\/p>\n<p>Lorsque vous vous connecterez, nous mettrons en place un certain nombre de cookies pour enregistrer vos informations de connexion et vos pr\u00e9f\u00e9rences d\u2019\u00e9cran. La dur\u00e9e de vie d\u2019un cookie de connexion est de deux jours, celle d\u2019un cookie d\u2019option d\u2019\u00e9cran est d\u2019un an. Si vous cochez \u00ab\u00a0Se souvenir de moi\u00a0\u00bb, votre cookie de connexion sera conserv\u00e9 pendant deux semaines. Si vous vous d\u00e9connectez de votre compte, le cookie de connexion sera effac\u00e9.<\/p>\n<p>En modifiant ou en publiant un article, un cookie suppl\u00e9mentaire sera enregistr\u00e9 dans votre navigateur. Ce cookie ne comprend aucune donn\u00e9e personnelle. Il indique simplement l\u2019identifiant de l\u2019article que vous venez de modifier. Il expire au bout d\u2019un jour.<\/p>\n<p><strong>Statistiques et mesures d\u2019audience<\/strong><\/p>\n<p>Ce site est \u00e9quip\u00e9 de deux outils d\u2019analyse des visites :<\/p>\n<ol>\n<li><a href=\"https:\/\/policies.google.com\/privacy\">Google Analytics<\/a>.<\/li>\n<li><a href=\"https:\/\/fr.wordpress.org\/plugins\/visitors-traffic-real-time-statistics\/\">Visitors Traffic Real Time Statistics<\/a><\/li>\n<\/ol>\n<p>&nbsp;<\/p>\n<h3>Utilisation et transmission de vos donn\u00e9es personnelles<\/h3>\n<p><strong>Dur\u00e9es de stockage de vos donn\u00e9es<\/strong><\/p>\n<p>Si vous laissez un commentaire, le commentaire et ses m\u00e9tadonn\u00e9es sont conserv\u00e9s ind\u00e9finiment. Cela permet de reconna\u00eetre et approuver automatiquement les commentaires suivants au lieu de les laisser dans la file de mod\u00e9ration.<\/p>\n<p>Pour les personnes nous contactant via notre formulaire de contact, l\u2019ensemble des informations transmises sont enregistrer sans limite de temps au travers de l\u2019email re\u00e7u. Pour tout acc\u00e8s ou demande de suppression de donn\u00e9es transmises, merci de nous contacter via ce m\u00eame formulaire.<\/p>\n<h3>Les droits que vous avez sur vos donn\u00e9es<\/h3>\n<p>Si vous avez un compte ou si vous avez laiss\u00e9 des commentaires sur le site, vous pouvez demander \u00e0 recevoir un fichier contenant toutes les donn\u00e9es personnelles que nous poss\u00e9dons \u00e0 votre sujet, incluant celles que vous nous avez fournies. Vous pouvez \u00e9galement demander la suppression des donn\u00e9es personnelles vous concernant. Cela ne prend pas en compte les donn\u00e9es stock\u00e9es \u00e0 des fins administratives, l\u00e9gales ou pour des raisons de s\u00e9curit\u00e9.<\/p>\n<h3>Transmission de vos donn\u00e9es personnelles<\/h3>\n<p>Les commentaires des visiteurs peuvent \u00eatre v\u00e9rifi\u00e9s \u00e0 l\u2019aide d\u2019un service automatis\u00e9 de d\u00e9tection des commentaires ind\u00e9sirables. Aucune autre information n\u2019est transmise.<\/p>\n<p>A ce titre, l\u2019internaute dispose d\u2019un droit d\u2019acc\u00e8s, de rectification et de suppression des informations personnelles le concernant qu\u2019il peut exercer \u00e0 tout moment en adressant un courriel via le formulaire de contact disponible dans le menu rubrique CONTACT.<\/p>\n<h3><\/h3>\n<h3 class=\"title-block\">Propri\u00e9t\u00e9 intellectuelle<\/h3>\n<p>L\u2019utilisation du service web www.archives-catalogues-automobiles.fr est r\u00e9serv\u00e9e \u00e0 un usage strictement personnel. En accord avec les lois r\u00e9gissant la propri\u00e9t\u00e9 des droits litt\u00e9raires et artistiques ou autres droits similaires, le pr\u00e9sent Site et tous les \u00e9l\u00e9ments s\u2019y trouvant : marques, dessins, mod\u00e8les, logos, graphiques, etc. ainsi que leur compilation sont la propri\u00e9t\u00e9 exclusive de son propri\u00e9taire ou de tiers ayant \u00e9t\u00e9 autoris\u00e9 \u00e0 les utiliser.<\/p>\n<p>&nbsp;<\/p>\n<h3 class=\"title-block\">Contact<\/h3>\n<p>Pour toute information, question ou conseil, nous sommes \u00e0 votre disposition :<\/p>\n<ul class=\"styled-list style-2\">\n<li>Ou par mail, via l&rsquo;interm\u00e9diaire du formulaire disponible dans le menu rubrique CONTACT ou directement \u00e0 <span style=\"text-decoration: underline;\">contact@archives-catalogues-automobiles.fr<\/span><\/li>\n<\/ul>\n","protected":false},"excerpt":{"rendered":"<div class=\"mh-excerpt\"><p>Cr\u00e9ateur et Editeur du Site H\u00e9bergement L&rsquo;ensemble du site est h\u00e9berg\u00e9 par le prestataire\u00a0IONOS by 1&amp;1, 7 Place de la <a class=\"mh-excerpt-more\" href=\"https:\/\/archives-catalogues-automobiles.fr\/index.php\/mentions-legales\/\" title=\"Mentions Legales\">[&#8230;]<\/a><\/p>\n<\/div>","protected":false},"author":1,"featured_media":0,"parent":0,"menu_order":0,"comment_status":"closed","ping_status":"closed","template":"","meta":[],"acf":[],"_links":{"self":[{"href":"https:\/\/archives-catalogues-automobiles.fr\/index.php\/wp-json\/wp\/v2\/pages\/9274"}],"collection":[{"href":"https:\/\/archives-catalogues-automobiles.fr\/index.php\/wp-json\/wp\/v2\/pages"}],"about":[{"href":"https:\/\/archives-catalogues-automobiles.fr\/index.php\/wp-json\/wp\/v2\/types\/page"}],"author":[{"embeddable":true,"href":"https:\/\/archives-catalogues-automobiles.fr\/index.php\/wp-json\/wp\/v2\/users\/1"}],"replies":[{"embeddable":true,"href":"https:\/\/archives-catalogues-automobiles.fr\/index.php\/wp-json\/wp\/v2\/comments?post=9274"}],"version-history":[{"count":0,"href":"https:\/\/archives-catalogues-automobiles.fr\/index.php\/wp-json\/wp\/v2\/pages\/9274\/revisions"}],"wp:attachment":[{"href":"https:\/\/archives-catalogues-automobiles.fr\/index.php\/wp-json\/wp\/v2\/media?parent=9274"}],"curies":[{"name":"wp","href":"https:\/\/api.w.org\/{rel}","templated":true}]}}

<h3 class="title-block">Créateur et Editeur du Site</h3>
<p><a href="http://www.7dev.fr"><img decoding="async" loading="lazy" class="wp-image-220 size-full alignleft" title="7dev, L'informatique accessible à tous" src="http://www.7dev.fr/images/logo.png" alt="7dev" width="133" height="35" /></a> <img decoding="async" loading="lazy" class="wp-image-219 alignleft" title="7dev, L'informatique accessible à tous" src="http://www.7dev.fr/images/logo-slogan.png" alt="7dev, L'informatique accessible à tous" width="190" height="38" /></p>
<h3 class="title-block"></h3>
<h3 class="title-block"></h3>
<h3>Hébergement</h3>
<p>L&rsquo;ensemble du site est hébergé par le prestataire <a href="https://www.ionos.fr/apropos" target="_blank" rel="noreferrer noopener">IONOS by 1&amp;1</a>, 7 Place de la Gare 57200 Sarreguemines.</p>
<p>Tel  : 0970 808 911</p>
<h3 class="title-block"><span class="" style="display:block;clear:both;height: 0px;padding-top: 10px;border-top-width:0px;border-bottom-width:0px;"></span></h3>
<h3>Qui sommes-nous ?</h3>
<p>L’adresse de notre site Web est : https://archives-catalogues-automobiles.fr<br />
Il appartient à Monsieur Laurent Bunnik et est utilisé à titre personnel dans le cadre de sa passion pour le monde automobile.</p>
<h3>Publication et DPO</h3>
<p>Responsable publication : Archives &amp; Catalogues Automobiles – contact@archives-catalogues-automobiles.fr<br />
Délégué à la protection des données : Archives Catalogues Automobiles – contact@archives-catalogues-automobiles.fr</p>
<h3>Utilisation des données personnelles collectées</h3>
<p><strong>Commentaires</strong></p>
<p>Quand vous laissez un commentaire sur notre site web, les données inscrites dans le formulaire de commentaire, mais aussi votre adresse IP et l’agent utilisateur de votre navigateur sont collectés pour nous aider à la détection des commentaires indésirables.</p>
<p>Une chaîne anonymisée créée à partir de votre adresse de messagerie (également appelée hash) peut être envoyée au service Gravatar pour vérifier si vous utilisez ce dernier. Les clauses de confidentialité du service Gravatar sont disponibles ici : https://automattic.com/privacy/. Après validation de votre commentaire, votre photo de profil sera visible publiquement à coté de votre commentaire.</p>
<p><strong>Formulaires de contact</strong></p>
<p>Notre site contient un formulaire de contact via lequel vous nous transmettez vos coordonnées soit à des fins commerciales ou pour avoir des informations. En soumettant ce formulaire, vous nous autorisez à vous recontacter par téléphone ou email. Vos coordonnées ne seront en aucun utilisées à toute autre fin, ni transmises à un tiers.</p>
<p><strong>Cookies</strong></p>
<p>Si vous déposez un commentaire sur notre site, il vous sera proposé d’enregistrer votre nom, adresse de messagerie et site web dans des cookies. C’est uniquement pour votre confort afin de ne pas avoir à saisir ces informations si vous déposez un autre commentaire plus tard. Ces cookies expirent au bout d’un an.</p>
<p>Si vous avez un compte et que vous vous connectez sur ce site, un cookie temporaire sera créé afin de déterminer si votre navigateur accepte les cookies. Il ne contient pas de données personnelles et sera supprimé automatiquement à la fermeture de votre navigateur.</p>
<p>Lorsque vous vous connecterez, nous mettrons en place un certain nombre de cookies pour enregistrer vos informations de connexion et vos préférences d’écran. La durée de vie d’un cookie de connexion est de deux jours, celle d’un cookie d’option d’écran est d’un an. Si vous cochez « Se souvenir de moi », votre cookie de connexion sera conservé pendant deux semaines. Si vous vous déconnectez de votre compte, le cookie de connexion sera effacé.</p>
<p>En modifiant ou en publiant un article, un cookie supplémentaire sera enregistré dans votre navigateur. Ce cookie ne comprend aucune donnée personnelle. Il indique simplement l’identifiant de l’article que vous venez de modifier. Il expire au bout d’un jour.</p>
<p><strong>Statistiques et mesures d’audience</strong></p>
<p>Ce site est équipé de deux outils d’analyse des visites :</p>
<ol>
<li><a href="https://policies.google.com/privacy">Google Analytics</a>.</li>
<li><a href="https://fr.wordpress.org/plugins/visitors-traffic-real-time-statistics/">Visitors Traffic Real Time Statistics</a></li>
</ol>
<p>&nbsp;</p>
<h3>Utilisation et transmission de vos données personnelles</h3>
<p><strong>Durées de stockage de vos données</strong></p>
<p>Si vous laissez un commentaire, le commentaire et ses métadonnées sont conservés indéfiniment. Cela permet de reconnaître et approuver automatiquement les commentaires suivants au lieu de les laisser dans la file de modération.</p>
<p>Pour les personnes nous contactant via notre formulaire de contact, l’ensemble des informations transmises sont enregistrer sans limite de temps au travers de l’email reçu. Pour tout accès ou demande de suppression de données transmises, merci de nous contacter via ce même formulaire.</p>
<h3>Les droits que vous avez sur vos données</h3>
<p>Si vous avez un compte ou si vous avez laissé des commentaires sur le site, vous pouvez demander à recevoir un fichier contenant toutes les données personnelles que nous possédons à votre sujet, incluant celles que vous nous avez fournies. Vous pouvez également demander la suppression des données personnelles vous concernant. Cela ne prend pas en compte les données stockées à des fins administratives, légales ou pour des raisons de sécurité.</p>
<h3>Transmission de vos données personnelles</h3>
<p>Les commentaires des visiteurs peuvent être vérifiés à l’aide d’un service automatisé de détection des commentaires indésirables. Aucune autre information n’est transmise.</p>
<p>A ce titre, l’internaute dispose d’un droit d’accès, de rectification et de suppression des informations personnelles le concernant qu’il peut exercer à tout moment en adressant un courriel via le formulaire de contact disponible dans le menu rubrique CONTACT.</p>
<h3></h3>
<h3 class="title-block">Propriété intellectuelle</h3>
<p>L’utilisation du service web www.archives-catalogues-automobiles.fr est réservée à un usage strictement personnel. En accord avec les lois régissant la propriété des droits littéraires et artistiques ou autres droits similaires, le présent Site et tous les éléments s’y trouvant : marques, dessins, modèles, logos, graphiques, etc. ainsi que leur compilation sont la propriété exclusive de son propriétaire ou de tiers ayant été autorisé à les utiliser.</p>
<p>&nbsp;</p>
<h3 class="title-block">Contact</h3>
<p>Pour toute information, question ou conseil, nous sommes à votre disposition :</p>
<ul class="styled-list style-2">
<li>Ou par mail, via l&rsquo;intermédiaire du formulaire disponible dans le menu rubrique CONTACT ou directement à <span style="text-decoration: underline;">contact@archives-catalogues-automobiles.fr</span></li>
</ul>

<div class="mh-excerpt"><p>Créateur et Editeur du Site Hébergement L&rsquo;ensemble du site est hébergé par le prestataire IONOS by 1&amp;1, 7 Place de la <a class="mh-excerpt-more" href="https://archives-catalogues-automobiles.fr/index.php/mentions-legales/" title="Mentions Legales">[&#8230;]</a></p>
</div>
